uppose 3*z + 33 - 30 = 0. List the prime factors of z/(1/(-32 - s)).
3, 11
Let x be 0 - (-1)/((-4)/(-20)). Suppose -u - 27 = -5*c - 6, x*u + 4*c - 40 = 0. Suppose g = -g + u. List the prime factors of g.
2
What are the prime factors of (4/8)/(3*8/163680)?
2, 5, 11, 31
Let q(p) = p**2 - p + 9. Let i be q(0). Let b = -7 + i. Suppose 5*l = s - 4 - 5, 0 = b*s - l - 9. List the prime factors of s.
2
Suppose 13*d = -3*f + 18*d + 5760, 1920 = f - d. What are the prime factors of f?
2, 3, 5
Suppose -5*f = -6*f - 17. Suppose 4*r - 28 = 3*r. Let y = r + f. List the prime factors of y.
11
List the prime factors of (-65)/(-26)*2964/15.
2, 13, 19
What are the prime factors of 6/(7 - 26341/3766)?
2, 269
Let a(c) be the third derivative of -2*c**4/3 + c**3/3 + 3*c**2. What are the prime factors of a(-2)?
2, 17
Suppose 5*s - 4*s - 4*y - 1608 = 0, 5*s = 4*y + 8088. What are the prime factors of s?
2, 3, 5
Let j be -8*(3 + 1)/(-16). Let o be 1 + 1 + 0 + j. Suppose -o*r + 3*m + 16 = -3*r, -3*r + m + 80 = 0. What are the prime factors of r?
2, 7
Let l(d) be the second derivative of d**5/20 - 5*d**4/6 + 5*d**3/3 - 11*d**2/2 + 9*d. What are the prime factors of l(10)?
89
Suppose -2*d = i + 12, -12 = 5*d + 3*i + 20. Let k be 10/d + (-5)/(-10). List the prime factors of k*(55/2)/(-5).
11
Suppose -2*b + 11 = -1. Let f(d) = d**3 - 4*d**2 - 7*d + 4. List the prime factors of f(b).
2, 17
Let j = 2619 - 1838. List the prime factors of j.
11, 71
Let c(o) = -o**2 + o + 2. Let g be c(-2). Suppose -5*k + 0*k + 25 = 0. What are the prime factors of 8 - (g + k + -2)?
3
Let h be 1/2*(-14)/(-7). List the prime factors of 1*(3 + 5 + h + 2).
11
Let j = 16 - 26. Let n be 2/12 - j/12. List the prime factors of n/((-166)/56 - -3).
2, 7
Let o be (8/14)/2 - 53110/(-658). Let b = o - 20. What are the prime factors of b?
61
Suppose 0*s + 10 = -2*q - 5*s, 0 = q + 2*s + 3. Suppose 0*t = -4*t - 2*b + 8, -q*t + b + 10 = 0. Suppose z + 36 = t*z. What are the prime factors of z?
2, 3
Suppose -3*y - 4*h - 1446 + 6715 = 0, -5*h + 3522 = 2*y. What are the prime factors of y?
17, 103
Let j be (-11 - -5)/(0 - -2). List the prime factors of (14/j)/(-5 + 119/24).
2, 7
Let d(o) = o**3 - 33*o**2 - o + 66. What are the prime factors of d(33)?
3, 11
Suppose -x + 2*a = -39, -12*x - 4*a = -8*x - 108. List the prime factors of x.
31
Let m = 1088 - 667. Suppose 64 = -3*y + m. What are the prime factors of y?
7, 17
Let m be (-4 + (-8)/20)/(6/(-15)). Suppose 0*b - m*b = -198. What are the prime factors of b?
2, 3
Let d(v) = 2*v + 15. Let w(o) = -o - 13. Let j(m) = -4*d(m) - 5*w(m). Suppose -7*q - 5*h - 50 = -2*q, 3*q + 4*h + 35 = 0. What are the prime factors of j(q)?
2, 5
Let y = -21 + 60. Let l(s) = 4*s**2 + 15*s + 2. Let g be l(-6). Let z = g - y. What are the prime factors of z?
17
Suppose -4*c - 79 = 229. Let p be (-209)/c + (-4)/(-14). Suppose -4*x = 4*y - 196, 0*x = -p*x - 15. List the prime factors of y.
2, 3
Suppose 8 = -2*m + 3*l, 4*l - 8 = 2*l. What are the prime factors of (m - 0) + -6 + 3 + 62?
61
Let h(j) = j**2 + 2*j - 48. Suppose 5*r - 49 = 31. List the prime factors of h(r).
2, 3, 5
Let g(r) = 747*r - 10. List the prime factors of g(1).
11, 67
Suppose 0*j - 195 = 5*i + 5*j, -2*j + 174 = -5*i. Let r be (-6)/(i/(-19) - 2). Suppose -3*c = -2*p - 2*p - r, -c + 19 = 4*p. List the prime factors of c.
19
Suppose 2*w + 636 = 3*w. List the prime factors of (w/10)/((-16)/(-40)).
3, 53
Let c be (0 - 0)/(-4 - -2). Let h(b) = 6*b - 10*b**2 + b**3 + c - 2*b**3 - 10 - b. What are the prime factors of h(-11)?
2, 7
Let l(h) = -63*h - 182. List the prime factors of l(-33).
7, 271
Let q = 118 - 92. Suppose 5*d - 3*g - q = g, -4*g - 16 = 0. What are the prime factors of d?
2
Suppose 4*x - 4561 = -5*l, -5*l = -6*x + 4*x + 2273. List the prime factors of x.
17, 67
Suppose -3*h = -5*h + 6. Let s(j) = 5*j**3 - 4*j**2 + 9. What are the prime factors of s(h)?
2, 3
Suppose -2*p - 127 = -c + 2*p, 147 = c + p. What are the prime factors of c?
11, 13
Suppose 0 = -4*k + 4*p + 3380, 0*k = -k + 2*p + 842. What are the prime factors of k?
2, 53
Let u(q) = -72*q - 26. Let i = -48 - -45. List the prime factors of u(i).
2, 5, 19
Suppose 3*x = x + 6. Suppose 11 + 10 = -x*r. Let b(v) = v**2 + 6*v - 1. What are the prime factors of b(r)?
2, 3
Suppose 11104 = 14*p - 2462. What are the prime factors of p?
3, 17, 19
Let h(s) = 17*s + 29. Suppose 0 = 3*l - 5*w - 16 - 30, -4*l = 2*w - 18. What are the prime factors of h(l)?
2, 37
Suppose -4*t = -2*g + 6, -2*t + 24 = 2*g + 3*t. Suppose -2*j = -7 - g. Let b(z) = z**3 - 5*z**2 - 11*z + 5. List the prime factors of b(j).
2, 13
Let w(z) = 24*z + 77. What are the prime factors of w(18)?
509
Let p be ((-4)/(-7))/(10/245). Suppose 9*d = p*d + 15. What are the prime factors of 4*4*d/(-24)?
2
Let i = -153 - -306. Suppose -207 - i = -4*d. List the prime factors of d.
2, 3, 5
Let v = -886 + 1336. Let g = v + -318. List the prime factors of g.
2, 3, 11
Let g be (-2)/(2/4 + -1). Suppose -q + 209 + 367 = -g*h, -3*h + 4*q = 419. Let f = -102 - h. List the prime factors of f.
43
Let s(y) = 13*y**3 - y**2 - 7*y + 6. Let m be s(2). Let b = m - 21. What are the prime factors of b?
71
Let t(o) = o**2 + 5*o - 12. Let b be t(3). Suppose -252 = 8*p - b*p. What are the prime factors of p?
3, 7
Let m be (21 - -3)*(-15)/(-12). Suppose -5*x - 15 = 0, 2*z - 5*z = -5*x - m. Suppose -z*s = -9*s + 188. List the prime factors of s.
47
Suppose 11 = -3*a + 20, 0 = -q + 3*a + 1. What are the prime factors of q?
2, 5
List the prime factors of (116/(-10))/(24/(-3120)).
2, 13, 29
Let a(b) be the second derivative of -b**5/20 - 5*b**4/12 - b**3/6 - 3*b**2/2 - 7*b. Let v be a(-5). Let x = v + 0. What are the prime factors of x?
2
Suppose 5*m = -3*s + 16, -2*s - 2*m + 6*m + 18 = 0. Suppose -j + 2 = 0, s*j = 3*y + 2*j - 38. List the prime factors of y.
2
Let z(g) be the third derivative of 11*g**4/24 - 7*g**3/3 + 13*g**2. List the prime factors of z(8).
2, 37
Let r = 1199 + -825. List the prime factors of r.
2, 11, 17
Suppose -2*k = o + 21, -2*o = 5*k - 0*k + 50. Let h be 2/(-6) + 1/3. What are the prime factors of (-2)/k*h + 74?
2, 37
Suppose -6*o = -4*n - 7*o + 11, 3*o + 18 = 5*n. Let p be 27/n + (-8)/2. Suppose -3*q + g + 160 = 0, p*q - 268 = g + g. List the prime factors of q.
2, 13
Let s(c) = -2*c**3 + 12*c**2 - 74. List the prime factors of s(-8).
2, 859
Suppose -3*d = 3*y - 78 + 12, -3*y = -4*d - 80. Let i = 37 - y. What are the prime factors of i?
13
What are the prime factors of -5*18/(-15) - -2174?
2, 5, 109
Suppose 61 = -6*b - 17. Let n = 0 + -21. Let u = b - n. What are the prime factors of u?
2
What are the prime factors of (-1 - (-40)/(-5))*(-632)/6?
2, 3, 79
What are the prime factors of (-198)/(-18) - (-2205)/1?
2, 277
Let l(j) = -229*j - 7. List the prime factors of l(-2).
11, 41
Let x = 1109 + -510. List the prime factors of x.
599
Let x(s) = 8*s**3 - 2*s**2 + 3*s - 8. What are the prime factors of x(2)?
2, 3
Let w(b) be the third derivative of -b**5/60 - 5*b**4/8 + 17*b**3/6 + 6*b**2. What are the prime factors of w(-14)?
31
Suppose -4 = 4*q - 12. Suppose -q*l = -7*l - 100. List the prime factors of ((-12)/3)/16*l.
5
Let m(o) = -24*o - 7. Suppose 194 - 230 = 4*p. What are the prime factors of m(p)?
11, 19
Suppose 0 = 4*w - u - 0*u - 616, -4*w - 4*u = -616. What are the prime factors of w?
2, 7, 11
Suppose 2*p - 5*v + 0 = 9, 3 = 2*p + v. What are the prime factors of 2/((-4)/748*(p + -4))?
11, 17
Let w = -22 + 27. Let m(r) = 2*r. Let a be m(2). Suppose w*g + 2*j = a*j + 89, 0 = -j + 3. What are the prime factors of g?
19
Suppose 0 = 5*f + h - 13, 2*f - 2*h + 5*h - 13 = 0. Let o be 0/(1 + (f - 4)). Suppose o = 5*m - 3*p - 97, 8 = 5*p + 3. List the prime factors of m.
2, 5
Suppose -29*d + 32*d + 1743 = 5*x, 0 = 3*x + 5*d - 1073. What are the prime factors of x?
3, 13
Let o = 72 - 182. Let v = 160 + o. List the prime factors of v.
2, 5
Suppose -4*o + 72 = -3*y, -7*y + 8*y = 2*o - 38. List the prime factors of o.
3, 7
Let f(a) = a**2 + 5*a + 110. Let l be f(0). Let x = 365 - l. What are the prime factors of x?
3, 5, 17
Let s(g) = 3*g**2 + 2*g - 3. Let m be s(5). Suppose -3*i = -i - m. What are the prime factors of i?
41
Let i = 576 - 21. List the prime factors of i.
3, 5, 37
Let k(z) = -z**3 - 7*z**2 + 2. Let r 